{"id":3263,"date":"2025-04-03T20:52:23","date_gmt":"2025-04-03T19:52:23","guid":{"rendered":"https:\/\/fsg-koesching.de\/?page_id=3263"},"modified":"2025-04-05T20:29:35","modified_gmt":"2025-04-05T19:29:35","slug":"teilnahmedetails","status":"publish","type":"page","link":"https:\/\/fsg-koesching.de\/?page_id=3263","title":{"rendered":"Teilnahmedetails"},"content":{"rendered":"\n<p>Veranstaltungsort ist das Vereinsheim der FSG K\u00f6sching in der Weidhausstra\u00dfe 22, 85092 K\u00f6sching.<\/p>\n\n\n\n<p>Zum Einzelwettbewerb (K\u00f6nigsschie\u00dfen) sind ausschlie\u00dflich B\u00fcrger der Marktgemeinde K\u00f6sching-Kasing-Bettbrunn zugelassen. <br>Im Wettbewerb wird unterschieden zwischen Mitgliedern (Markt-Sch\u00fctzenk\u00f6nig) und Nichtmitgliedern (Marktk\u00f6nig) eines Sch\u00fctzenvereins.<\/p>\n\n\n\n<p>Als Mannschaft im Mannschaftswettbewerb kann zugelassen werden:<\/p>\n\n\n\n<ul class=\"wp-block-list\">\n<li>Alle K\u00f6schinger, Kasinger und Bettbrunner Vereine<\/li>\n\n\n\n<li>Abteilungen eines Vereins<\/li>\n\n\n\n<li>Stammtischvereinigungen<\/li>\n\n\n\n<li>Freizeitgruppen<\/li>\n\n\n\n<li>freie Zusammenschl\u00fcsse von mind. 10 Personen<\/li>\n<\/ul>\n\n\n\n<p>Das Mindestalter f\u00fcr die Teilnehmer betr\u00e4gt 12 Jahre.<\/p>\n\n\n\n<p>2025 wird an allen Schie\u00dftagen als fester Teil der Marktmeisterschaft das Lichtgewehr-Schie\u00dfen f\u00fcr alle j\u00fcngeren Sch\u00fctzen <strong>(6 &#8211; 12 Jahre)<\/strong> angeboten.<\/p>\n\n\n\n<p>Als Einlage werden bei der Marktmeisterschaft 20 Schuss und beim Marktk\u00f6nigsschie\u00dfen 3 Schuss ausgegeben. Jeder abgegebene Schuss ist g\u00fcltig. Bei der Marktmeisterschaft ist der Nachkauf unbegrenzt m\u00f6glich. Um l\u00e4ngere Wartezeiten zu vermeiden, wird um Vereinbarung eines Termins gebeten. Als Unkostenbeitrag f\u00fcr die Marktmeisterschaft werden f\u00fcr die Einlage 6,00 Euro und f\u00fcr den Nachkauf 1,00 Euro (10 Schuss) erhoben.<\/p>\n\n\n\n<p>Um l\u00e4ngere Wartezeiten zu vermeiden, wird um Vereinbarung eines Termins gebeten.<\/p>\n\n\n\n<p>Vor Ort kann Essen &amp; Trinken bei unserem Wirtschaftsteam erworben werden.<\/p>\n\n\n\n<p class=\"has-large-font-size\"><strong>Mannschaft<\/strong><\/p>\n\n\n\n<p>Eine Mannschaft besteht aus 10 Sch\u00fctzen. Gewertet werden die 10 besten Sch\u00fctzen jeder Gesellschaft. Innerhalb einer Mannschaft werden nur 3 Sch\u00fctzen, die an Rundenwettk\u00e4mpfen teilnehmen, gewertet. Beide K\u00f6schinger Vereine tauschen Listen mit den entsprechenden Sch\u00fctzen aus.<br><strong>Alle Teilnehmer<\/strong> m\u00fcssen dies bei der Anmeldung angeben.<\/p>\n\n\n\n<p>F\u00fcr die Mannschaftswertung werden die 2 besten Serien (jeweils 10 Schuss), f\u00fcr die Einzelmeisterschaft die beste Serie (10 Schuss) und f\u00fcr den Marktk\u00f6nig bzw. Markt-Sch\u00fctzenk\u00f6nig der beste Schuss (Blattl) gewertet. Bei Ringgleichheit entscheidet die Deckserie (Zweitserie) usw. \u00fcber die Rangfolge.<\/p>\n\n\n\n<p class=\"has-large-font-size\"><strong>Wanderpokal<\/strong><\/p>\n\n\n\n<p>Der Wanderpokal f\u00fcr das K\u00f6schinger Marktschie\u00dfen wurde vom <strong>Gewerbeverein K\u00f6sching<\/strong> gestiftet. Wertung: Das Ergebnis der 10 besten Sch\u00fctzen einer Mannschaft wird mit der Teilnehmerzahl des Vereins bzw. der Abteilung multipliziert.<\/p>\n\n\n\n<p><strong>Beispiel:<\/strong><br>Ergebnis der 10 Besten einer Mannschaft: 1 550 Ringe&nbsp;&nbsp;&nbsp;<br>mal 32 Teilnehmer: 32 x 1 550&nbsp;=&nbsp;49 600 Punkte<\/p>\n\n\n\n<p>Der Verein, der die h\u00f6chste Punktzahl erreicht, ist der Sieger des Wanderpokals. Wenn ein Verein den Wanderpokal 3 mal hintereinander oder insgesamt 5 mal gewinnt, geht der Pokal in seinen Besitz \u00fcber.<\/p>\n\n\n\n<p class=\"has-large-font-size\"><strong>Preise<\/strong><\/p>\n\n\n\n<p>Die 6 besten Mannschaften erhalten einen Pokal.<\/p>\n\n\n\n<p>Alle teilnehmenden Mannschaften und Einzelmeister werden mit einer Urkunde geehrt.<\/p>\n\n\n\n<p>Es stehen Meistbeteiligung-Preise f\u00fcr die 3 teilnahmest\u00e4rksten&nbsp;Vereine zur Verf\u00fcgung: 30 \u2013 20 \u2013 10 Liter Bier<\/p>\n\n\n\n<p class=\"has-large-font-size\"><strong>Sonstiges<\/strong><\/p>\n\n\n\n<ul class=\"wp-block-list\">\n<li>In der Einlage ist eine Tagesversicherung beinhaltet.<\/li>\n\n\n\n<li>Es gelten die Bestimmungen der Sportordnung.<\/li>\n\n\n\n<li>Den Anordnungen der Aufsicht ist Folge zu leisten.<\/li>\n\n\n\n<li>Bei Nichtbeachtung kann der Sch\u00fctze vom Stand verwiesen werden.<\/li>\n\n\n\n<li>Das neue Waffengesetz und die Sportordnung veranlassen uns das Luftpistolenschie\u00dfen nur noch einh\u00e4ndig durchzuf\u00fchren.<\/li>\n\n\n\n<li>Mit der Schlinge \/ Galgen darf ab dem 60. Lebensjahr oder ab einer 50%igen Behinderung geschossen werden.<\/li>\n<\/ul>\n","protected":false},"excerpt":{"rendered":"<p>Veranstaltungsort ist das Vereinsheim der FSG K\u00f6sching in der Weidhausstra\u00dfe 22, 85092 K\u00f6sching. Zum Einzelwettbewerb (K\u00f6nigsschie\u00dfen) sind ausschlie\u00dflich B\u00fcrger der Marktgemeinde K\u00f6sching-Kasing-Bettbrunn zugelassen. Im Wettbewerb wird unterschieden zwischen Mitgliedern (Markt-Sch\u00fctzenk\u00f6nig) und Nichtmitgliedern (Marktk\u00f6nig) eines Sch\u00fctzenvereins. Als Mannschaft im Mannschaftswettbewerb kann zugelassen werden: Das Mindestalter f\u00fcr die Teilnehmer betr\u00e4gt 12 Jahre. 2025 wird an allen Schie\u00dftagen &hellip;<\/p>\n","protected":false},"author":1,"featured_media":0,"parent":0,"menu_order":0,"comment_status":"closed","ping_status":"closed","template":"","meta":{"footnotes":""},"class_list":["post-3263","page","type-page","status-publish","hentry","post","without-featured-image"],"yoast_head":"<!-- This site is optimized with the Yoast SEO plugin v27.4 - https:\/\/yoast.com\/product\/yoast-seo-wordpress\/ -->\n<title>Teilnahmedetails &#187; Kgl. priv. FSG K\u00f6sching<\/title>\n<meta name=\"robots\" content=\"index, follow, max-snippet:-1, max-image-preview:large, max-video-preview:-1\" \/>\n<link rel=\"canonical\" href=\"https:\/\/fsg-koesching.de\/?page_id=3263\" \/>\n<meta property=\"og:locale\" content=\"de_DE\" \/>\n<meta property=\"og:type\" content=\"article\" \/>\n<meta property=\"og:title\" content=\"Teilnahmedetails &#187; Kgl. priv. FSG K\u00f6sching\" \/>\n<meta property=\"og:description\" content=\"Veranstaltungsort ist das Vereinsheim der FSG K\u00f6sching in der Weidhausstra\u00dfe 22, 85092 K\u00f6sching. Zum Einzelwettbewerb (K\u00f6nigsschie\u00dfen) sind ausschlie\u00dflich B\u00fcrger der Marktgemeinde K\u00f6sching-Kasing-Bettbrunn zugelassen. Im Wettbewerb wird unterschieden zwischen Mitgliedern (Markt-Sch\u00fctzenk\u00f6nig) und Nichtmitgliedern (Marktk\u00f6nig) eines Sch\u00fctzenvereins. Als Mannschaft im Mannschaftswettbewerb kann zugelassen werden: Das Mindestalter f\u00fcr die Teilnehmer betr\u00e4gt 12 Jahre. 2025 wird an allen Schie\u00dftagen &hellip;\" \/>\n<meta property=\"og:url\" content=\"https:\/\/fsg-koesching.de\/?page_id=3263\" \/>\n<meta property=\"og:site_name\" content=\"Kgl. priv. FSG K\u00f6sching\" \/>\n<meta property=\"article:modified_time\" content=\"2025-04-05T19:29:35+00:00\" \/>\n<meta name=\"twitter:card\" content=\"summary_large_image\" \/>\n<meta name=\"twitter:label1\" content=\"Gesch\u00e4tzte Lesezeit\" \/>\n\t<meta name=\"twitter:data1\" content=\"3\u00a0Minuten\" \/>\n<script type=\"application\/ld+json\" class=\"yoast-schema-graph\">{\"@context\":\"https:\\\/\\\/schema.org\",\"@graph\":[{\"@type\":\"WebPage\",\"@id\":\"https:\\\/\\\/fsg-koesching.de\\\/?page_id=3263\",\"url\":\"https:\\\/\\\/fsg-koesching.de\\\/?page_id=3263\",\"name\":\"Teilnahmedetails &#187; Kgl. priv. FSG K\u00f6sching\",\"isPartOf\":{\"@id\":\"https:\\\/\\\/fsg-koesching.de\\\/#website\"},\"datePublished\":\"2025-04-03T19:52:23+00:00\",\"dateModified\":\"2025-04-05T19:29:35+00:00\",\"breadcrumb\":{\"@id\":\"https:\\\/\\\/fsg-koesching.de\\\/?page_id=3263#breadcrumb\"},\"inLanguage\":\"de\",\"potentialAction\":[{\"@type\":\"ReadAction\",\"target\":[\"https:\\\/\\\/fsg-koesching.de\\\/?page_id=3263\"]}]},{\"@type\":\"BreadcrumbList\",\"@id\":\"https:\\\/\\\/fsg-koesching.de\\\/?page_id=3263#breadcrumb\",\"itemListElement\":[{\"@type\":\"ListItem\",\"position\":1,\"name\":\"Home\",\"item\":\"https:\\\/\\\/fsg-koesching.de\\\/\"},{\"@type\":\"ListItem\",\"position\":2,\"name\":\"Teilnahmedetails\"}]},{\"@type\":\"WebSite\",\"@id\":\"https:\\\/\\\/fsg-koesching.de\\\/#website\",\"url\":\"https:\\\/\\\/fsg-koesching.de\\\/\",\"name\":\"Kgl. priv. FSG K\u00f6sching\",\"description\":\"gegr\u00fcndet 1553\",\"publisher\":{\"@id\":\"https:\\\/\\\/fsg-koesching.de\\\/#organization\"},\"potentialAction\":[{\"@type\":\"SearchAction\",\"target\":{\"@type\":\"EntryPoint\",\"urlTemplate\":\"https:\\\/\\\/fsg-koesching.de\\\/?s={search_term_string}\"},\"query-input\":{\"@type\":\"PropertyValueSpecification\",\"valueRequired\":true,\"valueName\":\"search_term_string\"}}],\"inLanguage\":\"de\"},{\"@type\":\"Organization\",\"@id\":\"https:\\\/\\\/fsg-koesching.de\\\/#organization\",\"name\":\"Kgl. priv. FSG K\u00f6sching\",\"url\":\"https:\\\/\\\/fsg-koesching.de\\\/\",\"logo\":{\"@type\":\"ImageObject\",\"inLanguage\":\"de\",\"@id\":\"https:\\\/\\\/fsg-koesching.de\\\/#\\\/schema\\\/logo\\\/image\\\/\",\"url\":\"https:\\\/\\\/fsg-koesching.de\\\/wp-content\\\/uploads\\\/2018\\\/09\\\/FSG-LG-Logo-neu-aussen-trans.gif\",\"contentUrl\":\"https:\\\/\\\/fsg-koesching.de\\\/wp-content\\\/uploads\\\/2018\\\/09\\\/FSG-LG-Logo-neu-aussen-trans.gif\",\"width\":830,\"height\":865,\"caption\":\"Kgl. priv. FSG K\u00f6sching\"},\"image\":{\"@id\":\"https:\\\/\\\/fsg-koesching.de\\\/#\\\/schema\\\/logo\\\/image\\\/\"}}]}<\/script>\n<!-- \/ Yoast SEO plugin. -->","yoast_head_json":{"title":"Teilnahmedetails &#187; Kgl. priv. FSG K\u00f6sching","robots":{"index":"index","follow":"follow","max-snippet":"max-snippet:-1","max-image-preview":"max-image-preview:large","max-video-preview":"max-video-preview:-1"},"canonical":"https:\/\/fsg-koesching.de\/?page_id=3263","og_locale":"de_DE","og_type":"article","og_title":"Teilnahmedetails &#187; Kgl. priv. FSG K\u00f6sching","og_description":"Veranstaltungsort ist das Vereinsheim der FSG K\u00f6sching in der Weidhausstra\u00dfe 22, 85092 K\u00f6sching. Zum Einzelwettbewerb (K\u00f6nigsschie\u00dfen) sind ausschlie\u00dflich B\u00fcrger der Marktgemeinde K\u00f6sching-Kasing-Bettbrunn zugelassen. Im Wettbewerb wird unterschieden zwischen Mitgliedern (Markt-Sch\u00fctzenk\u00f6nig) und Nichtmitgliedern (Marktk\u00f6nig) eines Sch\u00fctzenvereins. Als Mannschaft im Mannschaftswettbewerb kann zugelassen werden: Das Mindestalter f\u00fcr die Teilnehmer betr\u00e4gt 12 Jahre. 2025 wird an allen Schie\u00dftagen &hellip;","og_url":"https:\/\/fsg-koesching.de\/?page_id=3263","og_site_name":"Kgl. priv. FSG K\u00f6sching","article_modified_time":"2025-04-05T19:29:35+00:00","twitter_card":"summary_large_image","twitter_misc":{"Gesch\u00e4tzte Lesezeit":"3\u00a0Minuten"},"schema":{"@context":"https:\/\/schema.org","@graph":[{"@type":"WebPage","@id":"https:\/\/fsg-koesching.de\/?page_id=3263","url":"https:\/\/fsg-koesching.de\/?page_id=3263","name":"Teilnahmedetails &#187; Kgl. priv. FSG K\u00f6sching","isPartOf":{"@id":"https:\/\/fsg-koesching.de\/#website"},"datePublished":"2025-04-03T19:52:23+00:00","dateModified":"2025-04-05T19:29:35+00:00","breadcrumb":{"@id":"https:\/\/fsg-koesching.de\/?page_id=3263#breadcrumb"},"inLanguage":"de","potentialAction":[{"@type":"ReadAction","target":["https:\/\/fsg-koesching.de\/?page_id=3263"]}]},{"@type":"BreadcrumbList","@id":"https:\/\/fsg-koesching.de\/?page_id=3263#breadcrumb","itemListElement":[{"@type":"ListItem","position":1,"name":"Home","item":"https:\/\/fsg-koesching.de\/"},{"@type":"ListItem","position":2,"name":"Teilnahmedetails"}]},{"@type":"WebSite","@id":"https:\/\/fsg-koesching.de\/#website","url":"https:\/\/fsg-koesching.de\/","name":"Kgl. priv. FSG K\u00f6sching","description":"gegr\u00fcndet 1553","publisher":{"@id":"https:\/\/fsg-koesching.de\/#organization"},"potentialAction":[{"@type":"SearchAction","target":{"@type":"EntryPoint","urlTemplate":"https:\/\/fsg-koesching.de\/?s={search_term_string}"},"query-input":{"@type":"PropertyValueSpecification","valueRequired":true,"valueName":"search_term_string"}}],"inLanguage":"de"},{"@type":"Organization","@id":"https:\/\/fsg-koesching.de\/#organization","name":"Kgl. priv. FSG K\u00f6sching","url":"https:\/\/fsg-koesching.de\/","logo":{"@type":"ImageObject","inLanguage":"de","@id":"https:\/\/fsg-koesching.de\/#\/schema\/logo\/image\/","url":"https:\/\/fsg-koesching.de\/wp-content\/uploads\/2018\/09\/FSG-LG-Logo-neu-aussen-trans.gif","contentUrl":"https:\/\/fsg-koesching.de\/wp-content\/uploads\/2018\/09\/FSG-LG-Logo-neu-aussen-trans.gif","width":830,"height":865,"caption":"Kgl. priv. FSG K\u00f6sching"},"image":{"@id":"https:\/\/fsg-koesching.de\/#\/schema\/logo\/image\/"}}]}},"_links":{"self":[{"href":"https:\/\/fsg-koesching.de\/index.php?rest_route=\/wp\/v2\/pages\/3263","targetHints":{"allow":["GET"]}}],"collection":[{"href":"https:\/\/fsg-koesching.de\/index.php?rest_route=\/wp\/v2\/pages"}],"about":[{"href":"https:\/\/fsg-koesching.de\/index.php?rest_route=\/wp\/v2\/types\/page"}],"author":[{"embeddable":true,"href":"https:\/\/fsg-koesching.de\/index.php?rest_route=\/wp\/v2\/users\/1"}],"replies":[{"embeddable":true,"href":"https:\/\/fsg-koesching.de\/index.php?rest_route=%2Fwp%2Fv2%2Fcomments&post=3263"}],"version-history":[{"count":4,"href":"https:\/\/fsg-koesching.de\/index.php?rest_route=\/wp\/v2\/pages\/3263\/revisions"}],"predecessor-version":[{"id":3293,"href":"https:\/\/fsg-koesching.de\/index.php?rest_route=\/wp\/v2\/pages\/3263\/revisions\/3293"}],"wp:attachment":[{"href":"https:\/\/fsg-koesching.de\/index.php?rest_route=%2Fwp%2Fv2%2Fmedia&parent=3263"}],"curies":[{"name":"wp","href":"https:\/\/api.w.org\/{rel}","templated":true}]}}